{"id":10,"date":"2019-05-23T09:47:32","date_gmt":"2019-05-23T07:47:32","guid":{"rendered":"https:\/\/www.dom6tm.fr\/blog\/?page_id=10"},"modified":"2019-06-12T08:55:13","modified_gmt":"2019-06-12T06:55:13","slug":"nouveau-kits-cardin","status":"publish","type":"page","link":"https:\/\/www.dom6tm.fr\/blog\/nouveau-kits-cardin\/","title":{"rendered":"Nouveau kits Cardin"},"content":{"rendered":"\n<h2>Nouveaut\u00e9s Motorisation de portail Cardin<\/h2>\n\n\n\n<p>Dans les Kits Cardin vendus chez dom6tm, les t\u00e9l\u00e9commandes TXQ504, cartes \u00e9lectroniques&#8230;sont de nouvelle g\u00e9n\u00e9ration.<\/p>\n\n\n\n<p>Les motorisations Cardin\n sont fournies avec le module multid\u00e9codage S449,S504 et en option S486,\n et S508. 433MHz compatible avec les anciennes installations.<\/p>\n\n\n\n<p>Les \ncartes \u00e9lectroniques pour les automatismes de portail ont toutes un \n\u00e9cran LCD graphique en 6 langues, dont le fran\u00e7ais. Un menu vous permet \nde voir toutes les \u00e9tapes de programmation en cours, le nombre de \nmanoeuvres effectu\u00e9es par les moteurs. Elles comportent une horloge qui \nleur permet de programmer 10 \u00e9v\u00e9nements.<\/p>\n\n\n\n<p>La s\u00e9curit\u00e9 est comme \ntoujours avec Cardin la priorit\u00e9, anti-coincement,la fonction d\u00e9part et \narr\u00eat progressif, repositionnement automatique si un \u00e9v\u00e9nement non li\u00e9 \nau portail survient lors de sa course.<\/p>\n\n\n\n<p>Les nouvelles t\u00e9l\u00e9commandes <strong>TXQ504C4<\/strong> 4 boutons, <strong>TXQ504C2<\/strong>\n 2 boutons font leur apparition dans les Kits Cardin. Plus r\u00e9sistante \nque les anciennes, elles ont toujours une&nbsp; port\u00e9e de 100 \u00e0 150 m\u00e8tres \n(donn\u00e9e fabricant), sont un petit peu plus grande 35x80x11&nbsp;contre \n34x72x11 et l&rsquo;attache porte cl\u00e9 est en m\u00e9tal. Le codage est pass\u00e9 \u00e0 128 \nBITS toujours en rolling-code pour plus de s\u00e9curit\u00e9.<\/p>\n\n\n\n<figure class=\"wp-block-image\"><img src=\"https:\/\/www.dom6tm.fr\/img\/cms\/articles\/telecommande-cardin.jpg\" alt=\"t\u00e9l\u00e9commandes CARDIN\"\/><\/figure>\n\n\n\n<figure class=\"wp-block-image\"><img src=\"https:\/\/www.dom6tm.fr\/img\/cms\/articles\/S\u00e9lection_184.jpg\" alt=\"Clavier \u00e0 codes CARDIN\"\/><\/figure>\n\n\n\n<p>Le clavier \u00e0 codes SSB-T9K4 se modernise aussi et devient SSB-504.<\/p>\n\n\n\n<p>L&rsquo;alimentation\n passe en 3 Volts contre 6 Volts pour le SSB-T9K4. Le nombre de codes \nutilisateurs passe de 250 \u00e0 500, on peut toujours commander 4 fonctions \ndistinctes.<\/p>\n\n\n\n<p>Le r\u00e9tro\u00e9clairage fait son apparition, g\u00e9r\u00e9 par un capteur de lumi\u00e8re et de proximit\u00e9.<\/p>\n\n\n\n<p>Cardin\n arr\u00eate la fabrication du kit BL224 et le remplace par la s\u00e9rie BLEGOS \navec des caract\u00e9ristiques revues \u00e0 la hausse supportant des vantaux \njusqu&rsquo;\u00e0 2.5 m\u00e8tres, pour un poids identique de 200Kg et une ouverture \u00e0 \n100\u00b0. Avec une \u00e9tanch\u00e9it\u00e9 tr\u00e8s bien con\u00e7ue et un design discret.<\/p>\n\n\n\n<p>Les kits Cardin portail battant :<\/p>\n\n\n\n<p>BL1924ASW, K-BL3924, BL824, Blegos, HL2524&nbsp;<\/p>\n\n\n\n<p>Les kits Cardin portail coulissant:<\/p>\n\n\n\n<p>K-SL524, SLX1524 et SLX324<\/p>\n\n\n\n<p>Ils\n sont fournis avec des batteries NIMH + 2 T\u00e9l\u00e9commandes C504C4 (livr\u00e9 \navec 2 t\u00e9l\u00e9commandes S449 en remplacement des C504 sur demande sans \nmodification du prix).<\/p>\n\n\n\n<p>Les r\u00e9cepteurs GSM sont aussi actualis\u00e9s pour les nouvelles t\u00e9l\u00e9commandes, avec toujours les m\u00eames fonctions:<\/p>\n\n\n\n<p>Programmation de t\u00e9l\u00e9commandes jusqu&rsquo;\u00e0 3000 en une seule fois<\/p>\n\n\n\n<p>4 relais possibles (3 en options)<\/p>\n\n\n\n<p>Param\u00e9trage temporis\u00e9\/bi-stable\/contact sec<\/p>\n\n\n\n<p>Programmation \u00e0 distance instantan\u00e9e des t\u00e9l\u00e9commandes<\/p>\n\n\n\n<p>Application par smartphone pour piloter le r\u00e9cepteur <\/p>\n","protected":false},"excerpt":{"rendered":"<p>Nouveaut\u00e9s Motorisation de portail Cardin Dans les Kits Cardin vendus chez dom6tm, les t\u00e9l\u00e9commandes TXQ504, cartes \u00e9lectroniques&#8230;sont de nouvelle g\u00e9n\u00e9ration. Les motorisations Cardin sont fournies avec le module multid\u00e9codage S449,S504 et en option S486, et S508. 433MHz compatible avec les anciennes installations. Les cartes \u00e9lectroniques pour les automatismes de portail ont toutes un \u00e9cran LCD &hellip; <\/p>\n","protected":false},"author":1,"featured_media":11,"parent":0,"menu_order":0,"comment_status":"closed","ping_status":"closed","template":"","meta":[],"_links":{"self":[{"href":"https:\/\/www.dom6tm.fr\/blog\/wp-json\/wp\/v2\/pages\/10"}],"collection":[{"href":"https:\/\/www.dom6tm.fr\/blog\/wp-json\/wp\/v2\/pages"}],"about":[{"href":"https:\/\/www.dom6tm.fr\/blog\/wp-json\/wp\/v2\/types\/page"}],"author":[{"embeddable":true,"href":"https:\/\/www.dom6tm.fr\/blog\/wp-json\/wp\/v2\/users\/1"}],"replies":[{"embeddable":true,"href":"https:\/\/www.dom6tm.fr\/blog\/wp-json\/wp\/v2\/comments?post=10"}],"version-history":[{"count":3,"href":"https:\/\/www.dom6tm.fr\/blog\/wp-json\/wp\/v2\/pages\/10\/revisions"}],"predecessor-version":[{"id":248,"href":"https:\/\/www.dom6tm.fr\/blog\/wp-json\/wp\/v2\/pages\/10\/revisions\/248"}],"wp:featuredmedia":[{"embeddable":true,"href":"https:\/\/www.dom6tm.fr\/blog\/wp-json\/wp\/v2\/media\/11"}],"wp:attachment":[{"href":"https:\/\/www.dom6tm.fr\/blog\/wp-json\/wp\/v2\/media?parent=10"}],"curies":[{"name":"wp","href":"https:\/\/api.w.org\/{rel}","templated":true}]}}